ime factors of 34141335?
3, 5, 2276089
What are the prime factors of 35870413?
35870413
List the prime factors of 21378729.
3, 7126243
What are the prime factors of 211235430?
2, 3, 5, 7, 1005883
List the prime factors of 456356070.
2, 3, 5, 107, 47389
List the prime factors of 41075400.
2, 3, 5, 17, 4027
List the prime factors of 140451596.
2, 733, 47903
List the prime factors of 45415849.
45415849
List the prime factors of 6773265957.
3, 107, 21100517
What are the prime factors of 2430915629?
17, 151, 946987
List the prime factors of 161368649.
13, 3169, 3917
List the prime factors of 18900449.
1039, 18191
What are the prime factors of 70934083?
11, 6448553
What are the prime factors of 365509138?
2, 182754569
What are the prime factors of 49219312?
2, 293, 10499
What are the prime factors of 230477127?
3, 4969, 15461
What are the prime factors of 399729748?
2, 11, 31, 227, 1291
What are the prime factors of 421722337?
37, 929, 12269
What are the prime factors of 1142915695?
5, 17, 3169, 4243
List the prime factors of 363050192.
2, 421, 53897
List the prime factors of 5820273467.
31, 181, 1037297
List the prime factors of 128535973.
659, 195047
What are the prime factors of 319027482?
2, 3, 1993, 8893
List the prime factors of 104111845.
5, 631, 32999
What are the prime factors of 89314429?
47, 823, 2309
What are the prime factors of 1418979405?
3, 5, 1217, 77731
List the prime factors of 63705955.
5, 19, 131, 5119
What are the prime factors of 1224256005?
3, 5, 7, 587, 2207
What are the prime factors of 41750310?
2, 3, 5, 7, 198811
List the prime factors of 163396286.
2, 3709, 22027
What are the prime factors of 1421862577?
997, 1426141
What are the prime factors of 361064290?
2, 5, 36106429
List the prime factors of 2913648906.
2, 3, 7, 311, 223063
What are the prime factors of 46484589?
3, 15494863
List the prime factors of 152839815.
3, 5, 1613, 6317
List the prime factors of 1505486.
2, 17, 44279
List the prime factors of 116562286.
2, 58281143
What are the prime factors of 89394880?
2, 5, 257, 1087
What are the prime factors of 165310913?
23, 137, 2281
What are the prime factors of 1870442929?
383, 4883663
List the prime factors of 73078724.
2, 29, 629989
List the prime factors of 153808291.
7, 13, 23, 43, 1709
List the prime factors of 432204112.
2, 27012757
What are the prime factors of 38234653?
37, 1033369
What are the prime factors of 89802787?
23, 3904469
List the prime factors of 1220509088.
2, 38140909
What are the prime factors of 14876477?
7, 11, 193201
What are the prime factors of 7799702570?
2, 5, 11, 70906387
What are the prime factors of 18717513?
3, 43, 373, 389
List the prime factors of 3203591497.
71, 45121007
List the prime factors of 88719551.
31, 2861921
List the prime factors of 439099449.
3, 9901, 14783
What are the prime factors of 2153465540?
2, 5, 107673277
What are the prime factors of 1147882360?
2, 5, 317, 90527
List the prime factors of 2243651785.
5, 448730357
What are the prime factors of 11407757?
281, 40597
What are the prime factors of 11491379?
1321, 8699
List the prime factors of 771964746.
2, 3, 7, 29, 633797
What are the prime factors of 72864939?
3, 7, 79, 167, 263
What are the prime factors of 359638760?
2, 5, 13, 53201
List the prime factors of 1352961037.
59, 1009, 22727
What are the prime factors of 57540771?
3, 383, 16693
What are the prime factors of 132375314?
2, 29, 2282333
What are the prime factors of 14412829?
3373, 4273
What are the prime factors of 87487852?
2, 2341, 9343
List the prime factors of 30643125.
3, 5, 59, 277
List the prime factors of 2482731479.
71, 829, 42181
List the prime factors of 858950113.
7, 122707159
List the prime factors of 43653657.
3, 14551219
List the prime factors of 73225552.
2, 4576597
List the prime factors of 141721995.
3, 5, 9448133
What are the prime factors of 1329441912?
2, 3, 431, 42841
List the prime factors of 1807493748.
2, 3, 150624479
What are the prime factors of 776033538?
2, 3, 7, 571, 32359
List the prime factors of 1287474252.
2, 3, 3041, 35281
List the prime factors of 20428786.
2, 7, 208457
List the prime factors of 125294593.
23, 1009, 5399
List the prime factors of 530173786.
2, 265086893
What are the prime factors of 251385735?
3, 5, 2213, 7573
List the prime factors of 970157599.
970157599
What are the prime factors of 160624651?
11, 19, 43, 61, 293
What are the prime factors of 4823831466?
2, 3, 41, 1153, 5669
List the prime factors of 77669764.
2, 19417441
What are the prime factors of 570434348?
2, 11, 31, 418207
What are the prime factors of 2003857730?
2, 5, 7, 3001, 9539
List the prime factors of 1166791314.
2, 3, 13, 14958863
List the prime factors of 399353037.
3, 133117679
List the prime factors of 240374034.
2, 3, 2083, 2137
What are the prime factors of 216244892?
2, 149, 157, 2311
List the prime factors of 104050777.
2657, 39161
List the prime factors of 44877478.
2, 22438739
What are the prime factors of 4431142?
2, 19, 29, 4021
List the prime factors of 29656286.
2, 11, 1348013
What are the prime factors of 126199337?
11, 11472667
List the prime factors of 257755829.
1783, 144563
What are the prime factors of 927895873?
4957, 187189
What are the prime factors of 8139889622?
2, 131, 31068281
List the prime factors of 724261410.
2, 3, 5, 157, 51257
List the prime factors of 356924382.
2, 3, 367, 162091
What are the prime factors of 2856239?
29, 98491
What are the prime factors of 96721169?
2237, 43237
List the prime factors of 34384887.
3, 3820543
What are the prime factors of 325960442?
2, 4673, 34877
List the prime factors of 2050904882.
2, 13, 29, 31, 87743
What are the prime factors of 119194282?
2, 59597141
What are the prime factors of 620726871?
3, 83, 2492879
List the prime factors of 16039630.
2, 5, 1603963
List the prime factors of 558715.
5, 131, 853
What are the prime factors of 290669522?
2, 11, 13, 78179
What are the prime factors of 1214248687?
1214248687
What are the prime factors of 1130082049?
5233, 215953
What are the prime factors of 138746733?
3, 46248911
What are the prime factors of 333943055?
5, 66788611
List the prime factors of 35847316.
2, 1109, 8081
What are the prime factors of 399437519?
13, 30725963
List the prime factors of 753527202.
2, 3, 307, 409081
What are the prime factors of 59827259?
59827259
What are the prime factors of 513442846?
2, 7, 23, 103, 113, 137
What are the prime factors of 2075576322?
2, 3, 79, 577, 7589
List the prime factors of 14656188.
2, 3, 41, 29789
What are the prime factors of 1275631048?
2, 467, 341443
What are the prime factors of 765247283?
23, 37, 899233
What are the prime factors of 3633112?
2, 7, 64877
What are the prime factors of 123721768?
2, 19, 101, 8059
List the prime factors of 32348566.
2, 16174283
List the prime factors of 2043257619.
3, 13, 52391221
What are the prime factors of 25535113?
25535113
List the prime factors of 978461133.
3, 13, 59, 425233
List the prime factors of 2969130302.
2, 353, 1571, 2677
What are the prime factors of 41605876?
2, 13, 800113
List the prime factors of 140255362.
2, 13, 5394437
List the prime factors of 1363163759.
19, 71745461
List the prime factors of 114807849.
3, 13, 31, 94961
List the prime factors of 6099060851.
13, 173, 2711899
List the prime factors of 4528084218.
2, 3, 7, 19, 743, 1091
List the prime factors of 52174462.
2, 17, 193, 7951
What are the prime factors of 4815557752?
2, 19, 31681301
What are the prime factors of 2618538?
2, 3, 13, 59, 569
List the prime factors of 329593256.
2, 4441, 9277
List the prime factors of 1631913089.
23, 53, 1338731
What are the prime factors of 3941447824?
2, 17, 47, 308311
What are the prime factors of 4167052567?
1861, 2239147
What are the prime factors of 344236380?
2, 3, 5, 29, 197837
List the prime factors of 204732303.
3, 2179, 31319
List the prime factors of 2028769522.
2, 13, 78029597
List the prime factors of 23635699.
97, 139, 1753
What are the prime factors of 307348985?
5, 61469797
What are the prime factors of 853637710?
2, 5, 85363771
List the prime factors of 4312227117.
3, 11, 199, 656651
List the prime factors of 4199904.
2, 3, 4861
What are the prime factors of 1035733998?
2, 3, 13, 1607, 8263
What are the prime factors of 16197350?
2, 5, 13